 4. Let y be n(m). What are the prime factors of (-1)/(-3) + 224/y?
11
Let k(x) = -x - 4. Let c be k(-6). Let r(l) = -l**3 - 2*l**2 - 2*l + 3. Let s be r(c). Let a = s - -35. What are the prime factors of a?
2, 3
What are the prime factors of (-13)/((-52)/24)*(-90)/(-4)?
3, 5
Suppose -3*m = -4*o - 0*o - 8, 0 = 4*o + 3*m - 16. Suppose 5*h + 4 = -o. Let t = 4 + h. List the prime factors of t.
3
Let u be -3*(-41 + 2) + -2. Suppose 19 - u = -2*j. Suppose 3*t + t = j. What are the prime factors of t?
2, 3
What are the prime factors of (48/30)/(2/55)?
2, 11
Let m(b) = -b**3 + 5*b**2 - 3*b + 3. Let n be m(4). Suppose -g = -5*s - 3, 6*s = 2*s + 4*g - 12. Let q = s + n. What are the prime factors of q?
7
Let v(i) be the third derivative of i**4/2 + 5*i**3/6 - i**2. What are the prime factors of v(3)?
41
Let v = 124 - 46. List the prime factors of v.
2, 3, 13
Suppose 114 = 4*y - 46. What are the prime factors of y?
2, 5
What are the prime factors of (-400)/(-18) + 10/(-45)?
2, 11
Suppose 306 = 5*c + 56. What are the prime factors of c?
2, 5
Let c(l) = l**2 + 4*l + 10. Let k = 4 + -11. What are the prime factors of c(k)?
31
Let j(c) = -c**3 + 15*c**2 + 20*c - 4. List the prime factors of j(16).
2, 3, 5
Let w(u) = u + 3. Let z be w(8). Let l = 27 - z. List the prime factors of l.
2
Let z = 6 + -2. Suppose d = -z*h + 9, -3*h = -d - h - 15. Let p(l) = -l**3 - 7*l**2 - 2*l - 1. List the prime factors of p(d).
13
Suppose 5*s - 2*s - 72 = 0. Let l = s + -6. List the prime factors of l.
2, 3
Let b = 54 - 31. Suppose 4*m - 45 = b. List the prime factors of m.
17
Suppose -p + 3*p - 142 = 0. What are the prime factors of p?
71
Suppose 62 = 5*v - 3*w, 3*w = 3*v - 22 - 20. Let t = v - 3. What are the prime factors of t?
7
Suppose -2*l + 10 + 14 = 0. What are the prime factors of l?
2, 3
Let a(f) = -11*f + 3. What are the prime factors of a(-3)?
2, 3
Let a(m) = m. Let c be a(0). Suppose -2*o - 3 + 53 = c. List the prime factors of o.
5
Let m(u) = 6*u**2. Let z be m(1). Let g = 1 + z. List the prime factors of g.
7
Suppose 4*v - 2 = 4*z + 6, 8 = 2*v + 2*z. Let g(w) = -1 - 4*w**2 - w**2 + 4*w**2 + 2*w**v. List the prime factors of g(2).
11
Let u be 2 + 1/(2 + -1). Suppose 4*g - 3*m = 38, u*g - 10 = 2*m + 19. List the prime factors of g.
11
Let l(j) = -j - 3. Let o be l(3). Let w be -2*(15/o + 2). Suppose -a + 5 = w. List the prime factors of a.
2
Let q(g) = 12*g + 2. Let p be (-3)/2*(-8)/6. Let r be q(p). Let f = -14 + r. List the prime factors of f.
2, 3
Let n(q) = -10*q - 2. Let c(i) = -20*i - 4. Let h(m) = 4*c(m) - 9*n(m). List the prime factors of h(1).
2, 3
Let b = 81 + -72. List the prime factors of b.
3
Suppose 4*d - 3 = -l + 37, -148 = -4*l - 4*d. What are the prime factors of l?
2, 3
Let p(h) = h**2 - 11*h - 9. Let c(d) = -d - 1. Let z(l) = 5*c(l) - p(l). List the prime factors of z(5).
3
What are the prime factors of -4*(3/6 + (-165)/12)?
53
Let a(f) = -f**2 + 9*f + 31. List the prime factors of a(10).
3, 7
Let r(b) = -b**3 - 11*b**2 + 9*b + 2. Let x(i) = 3*i + 12. Let a be x(-8). What are the prime factors of r(a)?
2, 19
Let q = 12 + -6. Let x be q*1 - 2/2. Suppose -2 = 3*s + 7, -x*o = -2*s - 66. List the prime factors of o.
2, 3
Let u(v) = -v**2 + v. Let x be u(1). What are the prime factors of -4*(x/2 + -1)?
2
Let p(j) = 5 - 3 + 10 - j**2. Let i = 3 + -3. What are the prime factors of p(i)?
2, 3
Let q(l) = l - 1. Let w be q(10). Let c be -1 + (-3)/(w/(-132)). Suppose -13 + c = 3*k. List the prime factors of k.
2, 5
Suppose -3*r - 159 = -2*w, 7*w + 2*r - 219 = 4*w. List the prime factors of w.
3, 5
Suppose i - 3*j - 186 = -i, i + 3*j = 93. What are the prime factors of i?
3, 31
List the prime factors of 8/(-36) - (-1410)/27.
2, 13
Let l be (4/12)/(1/21). Suppose -38 = -3*j + l. What are the prime factors of j?
3, 5
What are the prime factors of (35 - 2)*4/4?
3, 11
Let r(n) = 5*n + 1. Let d(l) = -l**3 + 4*l**2 - 2*l - 4. Let b be d(3). Let p be r(b). What are the prime factors of (-18)/((-2 - p)*-1)?
3
Let f be (9/(-6))/((-1)/2). List the prime factors of 5 + 3 - (f - 1).
2, 3
Suppose -5*r + 0*q = -4*q - 80, -3*r - 4*q = -16. Let s = 2 + r. What are the prime factors of s?
2, 7
Suppose -26 = o + 21. Let b = o - -76. List the prime factors of b.
29
Let t(m) = -m**3 + 2*m**2 + m - 2. Let r be t(2). Suppose 2*q + 5 = 3*i - 0*i, 5*q = 5*i. Let s = i + r. What are the prime factors of s?
5
Let c(t) = -t**3 - 4*t**2 + 7*t + 7. Let x(g) = 3*g + 6. Let a be x(-4). List the prime factors of c(a).
37
Suppose -16 + 100 = 4*c. Suppose -15 = -y + c. What are the prime factors of y?
2, 3
Suppose -9 = -5*g - 0*h - 2*h, -h - 12 = -3*g. What are the prime factors of g?
3
Let z(w) = 8*w**3 + 2*w - 3. List the prime factors of z(1).
7
Let w(m) = m**2 + 9*m + 7. Let h be w(-8). List the prime factors of ((-1)/(-3))/(h/(-48)).
2
Let g(d) = -d**2 - 3*d + 1. Let y be g(-4). Let n(t) = 3*t**2 - 5*t - 3. List the prime factors of n(y).
3, 13
Let v(r) be the third derivative of r**4/24 + 17*r**3/6 - 2*r**2. Let s be (0/(3 + 0))/(-1). What are the prime factors of v(s)?
17
Let n(q) = -39*q**2 - 1. Let s be n(1). Let i be 4/(-18) + s/(-18). Suppose 3 = i*o - 1. What are the prime factors of o?
2
Let i(m) = 15*m + 19. Let g(n) = -7*n - 9. Let b(v) = 13*g(v) + 6*i(v). Let d be b(-6). List the prime factors of (-5 - -3)*d/(-1).
2, 3
Let k(o) = o**3 - 4*o**2 - 2*o - 3. Let n be k(5). Let l = 17 - n. Suppose -2*g - l = -4*b + 7, g + b = 9. List the prime factors of g.
2
What are the prime factors of 6/(-33) + (-3906)/(-66)?
59
Suppose -5*w = -m - 516, 124 = -2*w + 3*w + 5*m. List the prime factors of w.
2, 13
Suppose 4*g + 20 = -2*x + 198, -3*x + 245 = -5*g. List the prime factors of x.
5, 17
Let o be ((-357)/(-6))/(2/(-4)). Let t = o + 171. List the prime factors of t.
2, 13
Let j(l) = -l**2 + 24*l + 38. List the prime factors of j(24).
2, 19
Let u(l) = -l + 11. Let s(f) = -f**3 + 2*f**2 + 3*f + 1. Let y be s(-2). Let v be u(y). Suppose v = 3*h + 8 - 44. List the prime factors of h.
2, 3
Suppose 4*w + 5*r = -0 - 3, -3*w = r - 6. Suppose 0*t - t - w*g + 22 = 0, 170 = 5*t + 3*g. List the prime factors of t.
37
Suppose -o = -3*o - 3*d - 28, -3*o = 4*d + 41. Suppose -2*j - 3*i = -0*j + 22, -4 = 2*i. Let k = j - o. List the prime factors of k.
3
Let t(h) = -h + 12. Let b(d) = -d - 7. Let z be b(-12). List the prime factors of t(z).
7
Let c = 4 + -6. Let p be (3/2)/((-9)/12). List the prime factors of p*(-11)/(-4)*c.
11
Let v = 10 - 7. Suppose v - 139 = -4*d. List the prime factors of d.
2, 17
Let u = 4 - 12. Let y = 0 - -8. List the prime factors of y - (-2 - u/2).
2, 3
Suppose 4*w - 170 = -6. List the prime factors of w.
41
Let n be (-8)/12 + 8/3. Suppose -s + n*s = 3. What are the prime factors of s?
3
Suppose 2*w - l = 33, -3*l + 39 = w - 8*l. Let a be (-1)/2 - 51/(-2). Let s = a - w. What are the prime factors of s?
11
Suppose -2*t + 10 + 0 = 0. Let n = -5 + t. Suppose 4*u - 12 = 2*f, 6 = -3*f - n*u + 3*u. What are the prime factors of f?
2
Suppose 0 = 3*v - 156 - 549. List the prime factors of v.
5, 47
Let k = 5 - 9. Let o be ((-16)/10)/(k/10). Suppose 0 = -4*s + 2*h + h + 35, -o*s - 4*h = 0. List the prime factors of s.
5
Suppose -4*a - 114 = -2*z, 0 = a - 5*a + 12. What are the prime factors of z?
3, 7
Suppose -30 = 3*n + 4*w, -2*n + 7 = w + 27. What are the prime factors of ((-8)/n)/(24/300)?
2, 5
Let o be (-1)/(-3) + (-10)/3. List the prime factors of 1/(o + (-165)/(-54)).
2, 3
What are the prime factors of 7*(-3 + 9)/3?
2, 7
Let b be 0/2 + (0 - -1). List the prime factors of 1/(21/(-22) + b).
2, 11
Suppose -5*y + 24 = 4. Suppose -y + 55 = b. What are the prime factors of b?
3, 17
Let s(n) = -n**3 - n**2 - 2*n + 4. List the prime factors of s(-5).
2, 3, 19
Suppose -7*m + 14*m - 861 = 0. What are the prime factors of m?
3, 41
Suppose -20 = -5*r - 5*u, r - 4*u - 2 + 8 = 0. List the prime factors of r.
2
Suppose 3*h - 7*h = 0. Let s be (2 - (-1 - -2)) + h. Let x = s - -3. List the prime factors of x.
2
Let p(n) = 10*n + 17. List the prime factors of p(18).
197
Suppose -2*v + 0 + 2 = 0. Let o be 14 - v - (-6 + 4). Suppose 0*f - 3*f + o = 0. What are the prime factors of f?
5
Let t = 8 + -13. Let h = -1 - t. What are the prime factors of h?
2
Let i = -12 + 244. What are the prime facto